0*d - 3*d + 46, 0 = 4*a + 2*d - 92. Suppose c + 18 = a. What is the units digit of c?
5
Suppose -3*t + 17901 = -x - 16971, -x = 0. What is the ten thousands digit of t?
1
Let t(u) = -u**3 - 15*u**2 - 10*u + 59. Let i be t(-14). Suppose 4*b = -5*l + 1725, 4*b - i*l - 384 = 1333. What is the tens digit of b?
3
Let l = -4 + 8. Suppose -5*s - l + 47 = 3*f, 4*f = -2*s + 76. Suppose v - 72 = f. What is the units digit of v?
3
Suppose 127*x = 115*x + 136020. What is the hundreds digit of x?
3
Suppose 26*x = 50361 + 42979. What is the thousands digit of x?
3
Let x = -13806 - -19112. What is the hundreds digit of x?
3
Let m be 26/12 + 0 + (-2)/12. Suppose 8 = -m*n, 0 = -4*p - 4*n + 2*n. Suppose p*i - 3*f = 518, -f + 0*f + 534 = 2*i. What is the tens digit of i?
6
Let b(w) = 82*w**2 - 77*w - 218. What is the units digit of b(27)?
1
What is the hundreds digit of (-90334)/(-3) + (-784)/(-1176)?
1
Let o(m) = 6*m**3 + 3*m**2 - 3*m + 1. Let b be o(2). Let g = -2630 - -2588. Let z = g + b. What is the units digit of z?
3
Let a(j) = -10 - 21 - 15 + 26 + 21*j**2 + 20*j. What is the tens digit of a(6)?
5
Suppose 0 = 4*j - 4*k - 25778 - 15046, 3*k = -15. What is the ten thousands digit of j?
1
Suppose 6*q - 1195 - 1085 = 0. Suppose -q = -4*y - 4*t, 288 - 101 = 2*y - t. What is the tens digit of y?
9
Let z = -1062 - -1499. Suppose 0 = -2*f - g + 221, -2*g = -5*f + z + 102. What is the hundreds digit of f?
1
Suppose -3*g + r + 19 = 0, -3*r - 4 = -2*r. Suppose 694 = 2*u + g*o, 3*u + 4*o - 1563 + 508 = 0. What is the tens digit of u?
5
Suppose 0 = -3*z - 2*d + 10, 3*z + d - 13 = 2*d. Let k be -1*(-148 + z)/2. Suppose x = 5*v - 211, -k = -3*v - 3*x + 69. What is the units digit of v?
3
Let o be (28/(-32))/(-7) - 18/16. What is the tens digit of 0 + o - (-5)/((-25)/(-1560))?
1
Let t = -58 + 59. Let j(f) = -f + 1. Let b(l) = -10*l - 19. Let g(d) = t*b(d) - 3*j(d). What is the units digit of g(-24)?
6
Suppose -421448 = -92*w + 1822892. What is the hundreds digit of w?
3
Let l be ((-7)/((-7)/(-44)))/2. What is the units digit of 10/(-6)*33/l*214?
5
Let k be -18 + 13 - 6*-1. What is the tens digit of 29 - (k + (-10)/5 + 1)?
2
Let g(c) = -67*c + 123. Let t(k) = -202*k + 370. Let d(y) = -16*g(y) + 5*t(y). What is the units digit of d(10)?
2
Suppose 27179 = 12*m + 3138 - 19387. What is the tens digit of m?
1
Let r(m) = 3*m**2 + 6*m**3 - 23*m - 2*m**3 - 21*m + 42*m + 35. What is the hundreds digit of r(6)?
9
Suppose 4*s + 2*s - 18 = 0. What is the units digit of ((-2)/8)/(s/6744*-2)?
1
Suppose -2*d - 32 = 4*m, 3*d + d - 5*m + 90 = 0. Let a be (-4)/d + (-72)/10 + 3. What is the tens digit of 61/(-2)*3*a/6?
6
Let i(j) = j**3 + 15*j**2 + j + 18. Let m = -57 + 42. Let c be i(m). What is the units digit of (-22 - -1)*10*c/(-9)?
0
Let q(m) = -20*m + 3838. Let y be q(0). Let b = -2304 + y. What is the tens digit of b?
3
Suppose 8*w + 2045 = 13*w. Let t = w + -244. Suppose t = 3*x - 153. What is the units digit of x?
6
Let o(u) = -13*u + 111*u + 17 - 27. What is the thousands digit of o(20)?
1
Let m = 453 + -368. Suppose t - m*v - 928 = -86*v, 5*t = -2*v + 4652. What is the units digit of t?
2
Suppose 12884 = 2*u - 88*f + 84*f, 3*u + 3*f - 19344 = 0. What is the thousands digit of u?
6
Let w = -396 + 1650. Suppose -a - a = -w. What is the tens digit of a?
2
Suppose s - 300 = -66. Suppose 7*r - 5*r + s = 0. What is the units digit of (-1 - r)*(2 + (0 - 1))?
6
Let x be ((-4)/12*-3)/((-1)/(-8)). Suppose -x*z = -10*z. Suppose 0 = -2*l + 4, -l - 230 = -2*r - z*l. What is the hundreds digit of r?
1
What is the hundreds digit of (-3)/((-9)/24654)*(24 + (-259)/14)?
1
Let g(n) = -146*n**3 + n**2 + n. Let o be g(-1). Let x = 9 + o. Suppose -6*z + z = -x. What is the tens digit of z?
3
Suppose 0*g + 3*g - o = 113778, -g + 37930 = -o. What is the hundreds digit of g?
9
Let x = 25464 + -9082. What is the thousands digit of x?
6
Let g(w) = -2*w**2 - 15*w - 3. Suppose 5*m = m - 28. Let i be g(m). Suppose -2*h - 12 = 5*a - 397, -95 = -a - i*h. What is the tens digit of a?
7
Let x(g) = 51 + 5*g - 15*g**2 - 46 + 0*g + 2*g**3. Let t(l) = -l**3 + l**2 + l + 1. Let s(u) = -3*t(u) - x(u). What is the tens digit of s(-11)?
0
Let l(k) = -2543*k + 511. What is the tens digit of l(-1)?
5
Let q(g) = -6*g**2 + 83*g + 62806. What is the ten thousands digit of q(0)?
6
Suppose 52 - 22 = 6*u. Suppose -5*s - 8*g + 3*g + 1020 = 0, -4*g + 1023 = u*s. What is the units digit of s?
7
What is the ten thousands digit of ((-39447081)/(-1478))/(3/2)?
1
Let l = 185 - 518. Let z = -165 - l. What is the hundreds digit of z?
1
Suppose -12 = -3*d - d. Suppose -6*w = -21*w + 45. Suppose -n = w*l - 10, -6 + d = 3*l. What is the tens digit of n?
1
Let n = 2464 - -82. Suppose -n = -5*a - 2*r, a + 3*r = 2*r + 508. What is the hundreds digit of a?
5
What is the units digit of (-3 - -148)*1028/20?
3
Let s(v) = 9*v**2 - 3*v - 52. Let x be s(-7). Let g = x - 46. What is the units digit of g?
4
Suppose -3*r + 33 + 6 = 0. Suppose r*x + 3*x - 14352 = 0. What is the hundreds digit of x?
8
Let j(p) = 238*p**2 - 3*p - 28. Let t be j(-3). Let i = t - 1439. What is the tens digit of i?
8
Suppose 5*f - 667 = 908. Suppose 0 = -5*l - 20, 3*w - l - f = 994. What is the tens digit of w?
3
Let c(s) = 4 + 4*s**2 - 10*s**2 + 4*s - 18*s**3 + 8*s**2. Let l be c(-2). Suppose -2*t - 10 = 0, -30 + l = g + 3*t. What is the hundreds digit of g?
1
Suppose -4*u = -4*o - 37304, 32*u - 4*o + 18688 = 34*u. What is the units digit of u?
2
Suppose 4*j - 9*t = 6661, 6*t + 3321 = 2*j + 11*t. What is the tens digit of j?
6
Let v(u) = -80*u - 4. Let o be v(3). What is the tens digit of (11/(-22))/(2/o)?
6
Let d(f) = 2*f**3 + 5*f**2 - 4 + 4*f**2 - 3*f**3 - 4*f - 3*f. Let m be d(8). Suppose 3*y + 78 = -4*i + 306, -3*y + 204 = -m*i. What is the tens digit of y?
7
Suppose 0 = -4*o - v + 147012, -4*o + 121882 = -5*v - 25130. What is the hundreds digit of o?
7
Let l be ((-126)/(-12))/1*(6 + 0). Let c = l - -269. Suppose -10*a - c = -12*a. What is the hundreds digit of a?
1
Let d be (-91390)/32 + (-42)/672. What is the units digit of (d/(-9))/(-7)*(-6)/1?
2
Let p(a) = -a**2 - 6*a - 7. Let c be p(-4). Let w be c/((-3)/(24/4)). What is the units digit of 16/5*(-60)/w?
6
Let i(l) be the third derivative of -3*l**5/20 + 7*l**4/24 + 7*l**3/3 - 10*l**2. Let w(y) be the first derivative of i(y). What is the units digit of w(-4)?
9
Let t(r) = -r**3 - 7*r**2 - 72*r - 4442. What is the thousands digit of t(-42)?
0
Let t = -514 - -576. Let i = t - -703. What is the units digit of i?
5
Let o(r) = r**3. Let a(f) = -5*f**3 + 5*f**2 + 2*f + 1. Let y be 1/((-21)/60) + (-4)/28. Let x(j) = y*o(j) - a(j). What is the tens digit of x(4)?
3
Suppose -3*n = c + 626, -57 = -n - 3*c - 279. Let y = -58 - n. Let i = y + -74. What is the units digit of i?
5
Let i be 2/5 + 6/10. Let r(z) = z**2 - 2*z + 3. Let n be r(i). Let j(f) = f**3 + f**2 + 4*f - 7. What is the tens digit of j(n)?
1
Let j = -21282 - -23414. What is the thousands digit of j?
2
Suppose 0 = -c + 2*h + 53, 3*c - c - 3*h - 111 = 0. Suppose -330*a - 335 = -335*a. Let m = a - c. What is the units digit of m?
4
Let h(n) = -n**2 + 240*n - 1489. What is the thousands digit of h(128)?
2
Suppose -12*g = -13941 + 5445. Let z = 1002 - g. What is the tens digit of z?
9
Suppose -2*c + 42 = -3*y - 27, -y = 2*c - 49. Suppose c*l - 30*l = -6. What is the tens digit of l - (-5 - (122 - -5))?
3
Suppose 3*z + 4*o = 94, 2*z - o = 67 - 19. Let k = z - 138. Let g = k - -190. What is the units digit of g?
8
Let r(d) = -d**3 + 17*d**2 - 7*d - 37. Let v be r(15). Suppose 5*t - 3454 = 4*y, -3*y = -3*t + v + 1765. What is the hundreds digit of t?
6
Let f(v) = -19*v**3 + 2*v**2 + 3*v - 8. Let l be f(2). Let a = 775 + l. What is the hundreds digit of a?
6
Suppose -54*t = -51*t - 21. Let x(o) = -11*o - 28*o**3 - 3 + t*o - 4*o - 4*o**2. What is the tens digit of x(-2)?
2
Suppose 0*h + 4567 = 2*h - t, -t = 5*h - 11421. Suppose -9013 - h = -11*z. What is the tens digit of z?
2
Suppose 52 = -5*j - 3*p - 86, -3*p = -12. Let y(d) = 35*d**2 - 27*d + 26. Let b be y(1). Let t = b + j. What is the units digit of t?
4
Suppose 4*x - 12 = -4*l, 8*l - 2*x = 4*l + 24. Suppose 2*w + 530 = l*d, 4*d + w - 553 = -142. What is the units digit of d?
4
Let c be 0/1*(14 - 13). Suppose -